ommon factor of 1610 and 51888?
46
Calculate the greatest common divisor of 4100418 and 14.
14
What is the greatest common divisor of 459 and 63?
9
What is the greatest common divisor of 50049 and 9648?
603
Calculate the highest common factor of 442 and 20978.
34
Calculate the greatest common divisor of 20 and 344260.
20
Calculate the highest common factor of 336 and 9602544.
336
Calculate the highest common divisor of 642 and 42.
6
What is the highest common factor of 75 and 42708?
3
Calculate the greatest common divisor of 140 and 273868.
28
What is the greatest common divisor of 287 and 248255?
287
What is the highest common divisor of 3175 and 725?
25
Calculate the greatest common factor of 424 and 1681796.
212
What is the highest common factor of 1483817 and 218?
109
Calculate the highest common divisor of 512 and 21712.
16
What is the highest common divisor of 170 and 83?
1
What is the greatest common factor of 14 and 51890?
2
Calculate the greatest common divisor of 885819 and 6732.
561
Calculate the greatest common divisor of 1806 and 5569102.
602
What is the greatest common factor of 75366 and 1431?
477
Calculate the greatest common divisor of 61840 and 88.
8
What is the highest common factor of 4627 and 1428?
7
Calculate the greatest common factor of 325 and 20325.
25
Calculate the greatest common divisor of 3953 and 3015.
67
What is the greatest common divisor of 77910 and 42?
42
What is the greatest common factor of 236562 and 23496?
534
What is the highest common factor of 212500 and 1836?
68
Calculate the greatest common factor of 35865 and 405.
45
What is the highest common factor of 915089 and 56?
7
What is the highest common factor of 479 and 209323?
479
Calculate the greatest common factor of 18038 and 20242.
58
What is the greatest common divisor of 7168 and 27216?
112
What is the highest common divisor of 345 and 146395?
115
Calculate the greatest common factor of 6005 and 1268256.
1201
Calculate the highest common divisor of 105 and 26635.
35
What is the highest common factor of 128 and 3264?
64
Calculate the greatest common divisor of 135552 and 3072.
384
What is the highest common divisor of 3124366 and 184?
46
What is the greatest common divisor of 730104 and 1392?
696
What is the highest common divisor of 172466 and 970?
194
Calculate the highest common factor of 549640 and 30.
10
Calculate the greatest common divisor of 47674 and 13673.
121
Calculate the highest common factor of 632742 and 88.
22
What is the greatest common factor of 1070895 and 47?
47
What is the highest common factor of 848 and 2224?
16
Calculate the greatest common divisor of 507490 and 285.
95
Calculate the highest common factor of 69 and 650049.
69
What is the highest common factor of 80 and 655360?
80
What is the greatest common factor of 639 and 1065?
213
Calculate the greatest common factor of 25 and 67.
1
Calculate the highest common factor of 702256 and 16.
16
What is the greatest common divisor of 1704 and 4?
4
What is the greatest common factor of 4792 and 272?
8
What is the greatest common factor of 44 and 9691?
11
Calculate the greatest common divisor of 276 and 162012.
276
Calculate the highest common divisor of 23 and 32.
1
What is the highest common divisor of 6412 and 4564?
28
Calculate the greatest common divisor of 3524 and 16.
4
Calculate the highest common divisor of 326580 and 20.
20
What is the highest common factor of 16 and 61192?
8
What is the highest common divisor of 435903 and 39?
39
Calculate the greatest common divisor of 2216 and 688.
8
What is the highest common divisor of 231932 and 17?
1
What is the greatest common divisor of 40 and 539080?
40
Calculate the highest common divisor of 832722 and 1302.
186
What is the greatest common divisor of 2684368 and 51?
17
Calculate the highest common factor of 741174 and 294.
294
Calculate the greatest common divisor of 48364 and 2260.
452
Calculate the highest common factor of 10 and 153326.
2
What is the greatest common divisor of 2014 and 6878?
38
What is the highest common factor of 35 and 39529?
7
What is the greatest common factor of 500642 and 2316?
386
Calculate the greatest common factor of 1425 and 3615.
15
What is the highest common factor of 504 and 2304?
72
Calculate the greatest common divisor of 406393 and 1677.
559
Calculate the highest common divisor of 51 and 931600.
17
Calculate the greatest common factor of 463 and 101397.
463
What is the highest common factor of 78 and 519402?
78
Calculate the highest common factor of 166 and 3952709.
83
Calculate the highest common divisor of 71 and 82.
1
What is the greatest common factor of 23069 and 84847?
391
Calculate the greatest common divisor of 473 and 5633.
43
What is the highest common factor of 4683 and 2866665?
669
Calculate the highest common divisor of 1152 and 137664.
576
What is the greatest common factor of 8213 and 7067?
191
What is the greatest common factor of 106442 and 42?
14
What is the highest common divisor of 65330 and 20?
10
Calculate the greatest common factor of 351590 and 10.
10
What is the greatest common divisor of 924 and 12432?
84
Calculate the greatest common divisor of 85191 and 4279.
389
What is the greatest common divisor of 77335 and 45?
5
Calculate the highest common factor of 1305 and 14505.
15
What is the greatest common divisor of 165 and 6386655?
165
Calculate the greatest common divisor of 4008 and 760184.
1336
Calculate the greatest common divisor of 120 and 73736.
8
What is the greatest common divisor of 2431 and 39117?
221
Calculate the greatest common factor of 4402 and 6138.
62
Calculate the highest common divisor of 790 and 621730.
790
What is the highest common divisor of 90 and 92320?
10
What is the greatest common divisor of 27025 and 2599?
23
Calculate the highest common divisor of 21 and 573559.
7
What is the highest common divisor of 64500 and 1548?
516
What is the highest common divisor of 2 and 2221?
1
What is the greatest common divisor of 884 and 42908?
68
What is the greatest common factor of 8736 and 266?
14
Calculate the greatest common divisor of 2167 and 869.
11
Calculate the highest common factor of 3972 and 42.
6
What is the highest common factor of 940 and 23820?
20
What is the greatest common factor of 468274 and 114?
38
What is the highest common divisor of 178 and 360361?
89
What is the greatest common divisor of 1553 and 3784661?
1553
What is the greatest common factor of 2830 and 1370?
10
Calculate the greatest common factor of 715 and 8195.
55
Calculate the highest common factor of 113292 and 972.
108
Calculate the highest common divisor of 31755 and 203.
29
What is the greatest common divisor of 217073 and 17?
17
Calculate the highest common factor of 68323 and 51.
17
What is the highest common divisor of 278 and 48511?
139
What is the greatest common divisor of 1 and 187469?
1
What is the greatest common factor of 3935 and 17?
1
What is the greatest common factor of 32453 and 3569?
83
Calculate the greatest common divisor of 13 and 183053.
13
Calculate the greatest common divisor of 2000 and 44800.
400
Calculate the highest common divisor of 774 and 75852.
774
Calculate the greatest common divisor of 33282 and 1419.
129
Calculate the greatest common factor of 5860 and 590.
10
Calculate the highest common factor of 3208 and 883002.
802
What is the greatest common divisor of 274039 and 43?
43
What is the greatest common divisor of 88 and 405658?
22
What is the highest common factor of 1223 and 8924231?
1223
Calculate the greatest common factor of 630 and 500400.
90
What is the greatest common factor of 870 and 2348130?
870
Calculate the highest common factor of 64 and 374688.
32
What is the highest common factor of 7693 and 5181?
157
What is the greatest common factor of 800194 and 106?
106
Calculate the highest common factor of 126 and 8268057.
63
Calculate the highest common divisor of 403596 and 3780.
108
What is the greatest common factor of 133 and 12749?
19
What is the highest common divisor of 7 and 617?
1
What is the highest common factor of 1960 and 1260?
140
What is the greatest common factor of 3632 and 174563?
227
Calculate the highest common factor of 105 and 391461.
21
Calculate the highest common factor of 836 and 40.
4
What is 